{"version":"1.0","provider_name":"Kirkelig fellesr\u00e5d i Trondheim","provider_url":"https:\/\/aarsrapport-kfit.no\/2025","title":"Kirkelig fellesr\u00e5d i Trondheim - \u00c5rsrapport 2025","type":"rich","width":600,"height":338,"html":"<blockquote class=\"wp-embedded-content\" data-secret=\"K5heoztANl\"><a href=\"https:\/\/aarsrapport-kfit.no\/2025\/\">Forside<\/a><\/blockquote><iframe sandbox=\"allow-scripts\" security=\"restricted\" src=\"https:\/\/aarsrapport-kfit.no\/2025\/embed\/#?secret=K5heoztANl\" width=\"600\" height=\"338\" title=\"&laquo;Forside&raquo; &#8212; Kirkelig fellesr\u00e5d i Trondheim\" data-secret=\"K5heoztANl\" frameborder=\"0\" marginwidth=\"0\" marginheight=\"0\" scrolling=\"no\" class=\"wp-embedded-content\"><\/iframe><script type=\"text\/javascript\">\n\/* <![CDATA[ *\/\n\/*! This file is auto-generated *\/\n!function(d,l){\"use strict\";l.querySelector&&d.addEventListener&&\"undefined\"!=typeof URL&&(d.wp=d.wp||{},d.wp.receiveEmbedMessage||(d.wp.receiveEmbedMessage=function(e){var t=e.data;if((t||t.secret||t.message||t.value)&&!\/[^a-zA-Z0-9]\/.test(t.secret)){for(var s,r,n,a=l.querySelectorAll('iframe[data-secret=\"'+t.secret+'\"]'),o=l.querySelectorAll('blockquote[data-secret=\"'+t.secret+'\"]'),c=new RegExp(\"^https?:$\",\"i\"),i=0;i<o.length;i++)o[i].style.display=\"none\";for(i=0;i<a.length;i++)s=a[i],e.source===s.contentWindow&&(s.removeAttribute(\"style\"),\"height\"===t.message?(1e3<(r=parseInt(t.value,10))?r=1e3:~~r<200&&(r=200),s.height=r):\"link\"===t.message&&(r=new URL(s.getAttribute(\"src\")),n=new URL(t.value),c.test(n.protocol))&&n.host===r.host&&l.activeElement===s&&(d.top.location.href=t.value))}},d.addEventListener(\"message\",d.wp.receiveEmbedMessage,!1),l.addEventListener(\"DOMContentLoaded\",function(){for(var e,t,s=l.querySelectorAll(\"iframe.wp-embedded-content\"),r=0;r<s.length;r++)(t=(e=s[r]).getAttribute(\"data-secret\"))||(t=Math.random().toString(36).substring(2,12),e.src+=\"#?secret=\"+t,e.setAttribute(\"data-secret\",t)),e.contentWindow.postMessage({message:\"ready\",secret:t},\"*\")},!1)))}(window,document);\n\/* ]]> *\/\n<\/script>\n","thumbnail_url":"https:\/\/aarsrapport-kfit.no\/2025\/wp-content\/uploads\/2026\/04\/vlcsnap-2025-04-10-15h15m19s882.jpg","thumbnail_width":1920,"thumbnail_height":1080,"description":"Oversikt over organisering av r\u00e5d, utvalg, avdelinger og menigheter Representanter i Kirkelig fellesr\u00e5d 2025 Odd Anders With \u2013 lederTore Steen \u2013 nestleder menighet \/virksomhet representant Bakklandet og Lademoen Hilde Hov Lauritzen Berg Einar V\u00e6rnes Byneset og Leinstrand Lars Engen By\u00e5sen Odd Anders With Heimdal Ragnar Elveseter Ilen Janne Lea Maliks Kl\u00e6bu Tore Steen Kolstad Trond [&hellip;]"}

Kirkelig fellesråd i Trondheim

Kirkelig fellesråd i Trondheim - Årsrapport 2025

<blockquote class="wp-embedded-content" data-secret="K5heoztANl"><a href="https://aarsrapport-kfit.no/2025/">Forside</a></blockquote><iframe sandbox="allow-scripts" security="restricted" src="https://aarsrapport-kfit.no/2025/embed/#?secret=K5heoztANl" width="600" height="338" title="&laquo;Forside&raquo; &#8212; Kirkelig fellesråd i Trondheim" data-secret="K5heoztANl" frameborder="0" marginwidth="0" marginheight="0" scrolling="no" class="wp-embedded-content"></iframe><script type="text/javascript">
/* <![CDATA[ */
/*! This file is auto-generated */
!function(d,l){"use strict";l.querySelector&&d.addEventListener&&"undefined"!=typeof URL&&(d.wp=d.wp||{},d.wp.receiveEmbedMessage||(d.wp.receiveEmbedMessage=function(e){var t=e.data;if((t||t.secret||t.message||t.value)&&!/[^a-zA-Z0-9]/.test(t.secret)){for(var s,r,n,a=l.querySelectorAll('iframe[data-secret="'+t.secret+'"]'),o=l.querySelectorAll('blockquote[data-secret="'+t.secret+'"]'),c=new RegExp("^https?:$","i"),i=0;i<o.length;i++)o[i].style.display="none";for(i=0;i<a.length;i++)s=a[i],e.source===s.contentWindow&&(s.removeAttribute("style"),"height"===t.message?(1e3<(r=parseInt(t.value,10))?r=1e3:~~r<200&&(r=200),s.height=r):"link"===t.message&&(r=new URL(s.getAttribute("src")),n=new URL(t.value),c.test(n.protocol))&&n.host===r.host&&l.activeElement===s&&(d.top.location.href=t.value))}},d.addEventListener("message",d.wp.receiveEmbedMessage,!1),l.addEventListener("DOMContentLoaded",function(){for(var e,t,s=l.querySelectorAll("iframe.wp-embedded-content"),r=0;r<s.length;r++)(t=(e=s[r]).getAttribute("data-secret"))||(t=Math.random().toString(36).substring(2,12),e.src+="#?secret="+t,e.setAttribute("data-secret",t)),e.contentWindow.postMessage({message:"ready",secret:t},"*")},!1)))}(window,document);
/* ]]> */
</script>

Oversikt over organisering av råd, utvalg, avdelinger og menigheter Representanter i Kirkelig fellesråd 2025 Odd Anders With – lederTore Steen – nestleder menighet /virksomhet representant Bakklandet og Lademoen Hilde Hov Lauritzen Berg Einar Værnes Byneset og Leinstrand Lars Engen Byåsen Odd Anders With Heimdal Ragnar Elveseter Ilen Janne Lea Maliks Klæbu Tore Steen Kolstad Trond [&hellip;]
